{"version":"1.0","provider_name":"amec Positive Industry","provider_url":"https:\/\/amec.es\/ca\/","title":"Tra\u00e7ant un pla per al futur | amec Positive Industry","type":"rich","width":600,"height":338,"html":"<blockquote class=\"wp-embedded-content\" data-secret=\"bVgzBviMM2\"><a href=\"https:\/\/amec.es\/ca\/articles-dexperts\/tracant-un-pla-per-al-futur\/\">Tra\u00e7ant un pla per al futur<\/a><\/blockquote><iframe sandbox=\"allow-scripts\" security=\"restricted\" src=\"https:\/\/amec.es\/ca\/articles-dexperts\/tracant-un-pla-per-al-futur\/embed\/#?secret=bVgzBviMM2\" width=\"600\" height=\"338\" title=\"&#8220;Tra\u00e7ant un pla per al futur&#8221; &#8212; amec Positive Industry\" data-secret=\"bVgzBviMM2\" frameborder=\"0\" marginwidth=\"0\" marginheight=\"0\" scrolling=\"no\" class=\"wp-embedded-content\"><\/iframe><script>\n\/*! This file is auto-generated *\/\n!function(d,l){\"use strict\";l.querySelector&&d.addEventListener&&\"undefined\"!=typeof URL&&(d.wp=d.wp||{},d.wp.receiveEmbedMessage||(d.wp.receiveEmbedMessage=function(e){var t=e.data;if((t||t.secret||t.message||t.value)&&!\/[^a-zA-Z0-9]\/.test(t.secret)){for(var s,r,n,a=l.querySelectorAll('iframe[data-secret=\"'+t.secret+'\"]'),o=l.querySelectorAll('blockquote[data-secret=\"'+t.secret+'\"]'),c=new RegExp(\"^https?:$\",\"i\"),i=0;i<o.length;i++)o[i].style.display=\"none\";for(i=0;i<a.length;i++)s=a[i],e.source===s.contentWindow&&(s.removeAttribute(\"style\"),\"height\"===t.message?(1e3<(r=parseInt(t.value,10))?r=1e3:~~r<200&&(r=200),s.height=r):\"link\"===t.message&&(r=new URL(s.getAttribute(\"src\")),n=new URL(t.value),c.test(n.protocol))&&n.host===r.host&&l.activeElement===s&&(d.top.location.href=t.value))}},d.addEventListener(\"message\",d.wp.receiveEmbedMessage,!1),l.addEventListener(\"DOMContentLoaded\",function(){for(var e,t,s=l.querySelectorAll(\"iframe.wp-embedded-content\"),r=0;r<s.length;r++)(t=(e=s[r]).getAttribute(\"data-secret\"))||(t=Math.random().toString(36).substring(2,12),e.src+=\"#?secret=\"+t,e.setAttribute(\"data-secret\",t)),e.contentWindow.postMessage({message:\"ready\",secret:t},\"*\")},!1)))}(window,document);\n\/\/# sourceURL=https:\/\/amec.es\/wp-includes\/js\/wp-embed.min.js\n<\/script>\n","description":"Les ciutats s\u00f3n la llar de la humanitat. Una declaraci\u00f3 tan auda\u00e7 probablement s'hauria contradit fa nom\u00e9s dues d\u00e8cades, per\u00f2 avui el m\u00f3n \u00e9s inq\u00fcestionablement urb\u00e0. Els fets s\u00f3n simplement reveladors: el 55% de la poblaci\u00f3 mundial viu en...","thumbnail_url":"http:\/\/wecreatedesign.co\/dev\/WP\/amec\/wp-content\/uploads\/2023\/03\/ugo-valenti-1-redim-w200-h133.jpg"}

Traçant un pla per al futur | amec Positive Industry

<blockquote class="wp-embedded-content" data-secret="bVgzBviMM2"><a href="https://amec.es/ca/articles-dexperts/tracant-un-pla-per-al-futur/">Traçant un pla per al futur</a></blockquote><iframe sandbox="allow-scripts" security="restricted" src="https://amec.es/ca/articles-dexperts/tracant-un-pla-per-al-futur/embed/#?secret=bVgzBviMM2" width="600" height="338" title="&#8220;Traçant un pla per al futur&#8221; &#8212; amec Positive Industry" data-secret="bVgzBviMM2" frameborder="0" marginwidth="0" marginheight="0" scrolling="no" class="wp-embedded-content"></iframe><script>
/*! This file is auto-generated */
!function(d,l){"use strict";l.querySelector&&d.addEventListener&&"undefined"!=typeof URL&&(d.wp=d.wp||{},d.wp.receiveEmbedMessage||(d.wp.receiveEmbedMessage=function(e){var t=e.data;if((t||t.secret||t.message||t.value)&&!/[^a-zA-Z0-9]/.test(t.secret)){for(var s,r,n,a=l.querySelectorAll('iframe[data-secret="'+t.secret+'"]'),o=l.querySelectorAll('blockquote[data-secret="'+t.secret+'"]'),c=new RegExp("^https?:$","i"),i=0;i<o.length;i++)o[i].style.display="none";for(i=0;i<a.length;i++)s=a[i],e.source===s.contentWindow&&(s.removeAttribute("style"),"height"===t.message?(1e3<(r=parseInt(t.value,10))?r=1e3:~~r<200&&(r=200),s.height=r):"link"===t.message&&(r=new URL(s.getAttribute("src")),n=new URL(t.value),c.test(n.protocol))&&n.host===r.host&&l.activeElement===s&&(d.top.location.href=t.value))}},d.addEventListener("message",d.wp.receiveEmbedMessage,!1),l.addEventListener("DOMContentLoaded",function(){for(var e,t,s=l.querySelectorAll("iframe.wp-embedded-content"),r=0;r<s.length;r++)(t=(e=s[r]).getAttribute("data-secret"))||(t=Math.random().toString(36).substring(2,12),e.src+="#?secret="+t,e.setAttribute("data-secret",t)),e.contentWindow.postMessage({message:"ready",secret:t},"*")},!1)))}(window,document);
//# sourceURL=https://amec.es/wp-includes/js/wp-embed.min.js
</script>

Les ciutats són la llar de la humanitat. Una declaració tan audaç probablement s'hauria contradit fa només dues dècades, però avui el món és inqüestionablement urbà. Els fets són simplement reveladors: el 55% de la població mundial viu en...
